est common divisor of 69024 and 30917.
719
What is the highest common factor of 42390 and 255282?
942
Calculate the greatest common divisor of 13105 and 5.
5
Calculate the greatest common divisor of 15725 and 59075.
425
What is the greatest common divisor of 7736464 and 368?
368
Calculate the greatest common factor of 2950 and 5074.
118
Calculate the greatest common factor of 753 and 1952529.
753
Calculate the greatest common divisor of 21 and 124572.
21
Calculate the highest common factor of 207 and 90387.
9
What is the highest common factor of 7877 and 2?
1
Calculate the highest common divisor of 8 and 276869.
1
Calculate the highest common factor of 257 and 334871.
257
Calculate the highest common factor of 19642 and 54656.
854
Calculate the greatest common factor of 2000895 and 155.
155
What is the greatest common factor of 1615 and 12155?
85
Calculate the greatest common divisor of 104 and 179894.
26
Calculate the greatest common divisor of 319 and 2512763.
319
What is the greatest common divisor of 64 and 124480?
64
What is the greatest common factor of 50 and 504950?
50
Calculate the greatest common factor of 3591155 and 2234.
1117
Calculate the highest common factor of 414 and 92970.
18
Calculate the highest common divisor of 1225 and 196875.
175
What is the highest common divisor of 14706 and 2736?
342
Calculate the greatest common divisor of 35 and 25249.
7
Calculate the greatest common factor of 2350 and 47300.
50
What is the highest common factor of 3852 and 3412?
4
Calculate the highest common factor of 2150 and 30.
10
What is the greatest common factor of 609 and 105?
21
What is the highest common divisor of 62 and 4681279?
31
Calculate the highest common factor of 3938 and 1782.
22
What is the greatest common divisor of 135 and 104985?
45
Calculate the highest common divisor of 38254 and 124.
62
What is the highest common divisor of 1920 and 4790?
10
What is the greatest common divisor of 18 and 163410?
6
What is the highest common factor of 1342 and 23507?
11
What is the highest common divisor of 1111 and 1313?
101
Calculate the greatest common factor of 74 and 377918.
74
Calculate the highest common divisor of 31 and 667027.
31
What is the highest common divisor of 105 and 3651?
3
What is the highest common divisor of 260165 and 610?
305
What is the greatest common factor of 185456 and 432?
16
Calculate the greatest common factor of 791496 and 288.
72
Calculate the greatest common divisor of 480 and 454640.
80
What is the highest common divisor of 7 and 92911?
7
Calculate the highest common factor of 12108519 and 1329.
1329
What is the greatest common factor of 108738 and 162?
18
What is the greatest common divisor of 4069 and 6006?
13
What is the highest common factor of 20267 and 91?
13
What is the greatest common factor of 1602 and 124794?
18
What is the highest common factor of 42615 and 4635?
45
What is the highest common divisor of 21930 and 2064?
258
What is the highest common factor of 36351 and 903?
21
Calculate the highest common divisor of 424201 and 68.
17
What is the highest common divisor of 14234 and 4037?
11
What is the highest common factor of 196 and 51254?
98
Calculate the greatest common divisor of 100090 and 10.
10
What is the highest common divisor of 6 and 409350?
6
Calculate the greatest common divisor of 7164 and 288.
36
What is the greatest common factor of 3300 and 166740?
60
What is the highest common divisor of 9 and 45453?
3
What is the greatest common divisor of 8376 and 168?
24
What is the highest common divisor of 152 and 135208?
8
What is the greatest common factor of 340 and 94928?
68
Calculate the highest common factor of 748 and 246432.
68
Calculate the greatest common factor of 135615 and 105.
15
What is the highest common divisor of 361383 and 233?
233
What is the greatest common divisor of 110 and 6358?
22
Calculate the highest common divisor of 25459854 and 609.
609
What is the greatest common divisor of 187571 and 78885?
1753
What is the greatest common factor of 3509 and 50402?
319
Calculate the greatest common factor of 1253408 and 5408.
416
Calculate the highest common divisor of 48 and 18392.
8
Calculate the greatest common divisor of 3437672 and 8.
8
Calculate the highest common factor of 280 and 623.
7
What is the greatest common divisor of 101688 and 1824?
456
What is the greatest common factor of 154740 and 660?
60
What is the highest common divisor of 3 and 3688?
1
What is the highest common factor of 1005474 and 5424?
678
What is the highest common divisor of 75150 and 8100?
450
What is the greatest common divisor of 2234 and 8285906?
2234
What is the highest common factor of 3776 and 178652?
236
What is the highest common divisor of 13702 and 18343?
221
What is the highest common factor of 10752 and 2520?
168
What is the highest common factor of 8214 and 2918708?
2738
What is the greatest common divisor of 2176 and 13906?
34
What is the greatest common divisor of 3729 and 306682?
113
Calculate the highest common divisor of 117 and 91197.
9
What is the highest common divisor of 17322461 and 47?
47
Calculate the greatest common divisor of 7 and 7063.
7
What is the greatest common divisor of 50 and 346720?
10
What is the greatest common factor of 64 and 7096?
8
What is the greatest common divisor of 302640 and 105?
15
What is the highest common factor of 317 and 43429?
317
What is the highest common factor of 160 and 24280?
40
Calculate the highest common factor of 968 and 1331.
121
What is the greatest common factor of 252432 and 72?
72
What is the highest common factor of 7139 and 2783?
121
What is the highest common factor of 2856156 and 114?
114
Calculate the greatest common factor of 112 and 64.
16
Calculate the highest common factor of 576 and 9824.
32
What is the highest common divisor of 2646 and 58806?
54
What is the highest common divisor of 190 and 296970?
190
Calculate the highest common factor of 1128651 and 348.
87
Calculate the greatest common divisor of 180360 and 210.
30
What is the greatest common factor of 42125 and 9025?
25
What is the greatest common factor of 1436 and 107?
1
Calculate the greatest common factor of 432 and 115716.
12
What is the greatest common factor of 14214 and 966?
138
What is the highest common divisor of 13393 and 12031?
227
Calculate the greatest common factor of 2080570 and 10.
10
What is the highest common factor of 62 and 17422?
62
Calculate the highest common factor of 410 and 738.
82
Calculate the highest common factor of 5367189 and 51.
51
Calculate the greatest common factor of 59032 and 376.
376
Calculate the highest common divisor of 26 and 28347540.
26
What is the highest common divisor of 586 and 850579?
293
Calculate the highest common factor of 268051 and 447.
149
What is the highest common factor of 35 and 57635?
5
What is the greatest common divisor of 34 and 63359?
17
Calculate the greatest common factor of 480 and 58305.
15
Calculate the greatest common divisor of 622600 and 150.
50
What is the greatest common factor of 185437 and 1888?
59
Calculate the greatest common factor of 1337912 and 164.
164
What is the highest common divisor of 47 and 1189523?
47
Calculate the greatest common divisor of 1420 and 1194575.
355
What is the highest common divisor of 329 and 1594992?
329
Calculate the highest common divisor of 1403 and 83021.
61
Calculate the greatest common divisor of 568 and 48351.
71
Calculate the greatest common divisor of 4797 and 2223.
117
What is the greatest common factor of 5518 and 14942?
62
What is the greatest common factor of 12 and 8124?
12
Calculate the greatest common divisor of 1357 and 217769.
59
Calculate the highest common divisor of 310 and 10478.
62
What is the highest common factor of 295 and 555?
5
Calculate the highest common factor of 6 and 1842.
6
Calculate the greatest common divisor of 495 and 29095.
55
Calculate the highest common factor of 1441043 and 167.
167
Calculate the highest common divisor of 32 and 637272.
8
Calculate the highest common factor of 1912 and 210798.
478
What is the highest common divisor of 8449 and 497?
497
Calculate the highest common divisor of 50490 and 340.
170
What is the highest common factor of 4210517 and 129?
43
Calculate the highest common facto